{"id":906,"date":"2017-04-05T11:53:02","date_gmt":"2017-04-05T09:53:02","guid":{"rendered":"http:\/\/ld-wp.template-help.com\/wordpress_63333_default-sample\/?page_id=906"},"modified":"2025-08-19T08:40:03","modified_gmt":"2025-08-19T06:40:03","slug":"branchen","status":"publish","type":"page","link":"https:\/\/femec.de\/com\/branchen\/","title":{"rendered":"Branchen"},"content":{"rendered":"\t\t<div data-elementor-type=\"wp-post\" data-elementor-id=\"906\" class=\"elementor elementor-906\">\n\t\t\t\t\t\t<div class=\"elementor-inner\">\n\t\t\t\t<div class=\"elementor-section-wrap\">\n\t\t\t\t\t\t\t\t\t<section class=\"elementor-section elementor-top-section elementor-element elementor-element-cr914p3 elementor-section-boxed elementor-section-height-default elementor-section-height-default\" data-id=\"cr914p3\" data-element_type=\"section\">\n\t\t\t\t\t\t<div class=\"elementor-container elementor-column-gap-default\">\n\t\t\t\t\t\t\t<div class=\"elementor-row\">\n\t\t\t\t\t<div class=\"elementor-column elementor-col-100 elementor-top-column elementor-element elementor-element-0xjk4wf\" data-id=\"0xjk4wf\" data-element_type=\"column\">\n\t\t\t<div class=\"elementor-column-wrap elementor-element-populated\">\n\t\t\t\t\t\t\t<div class=\"elementor-widget-wrap\">\n\t\t\t\t\t\t<div class=\"elementor-element elementor-element-spw0hnp elementor-widget elementor-widget-heading\" data-id=\"spw0hnp\" data-element_type=\"widget\" data-widget_type=\"heading.default\">\n\t\t\t\t<div class=\"elementor-widget-container\">\n\t\t\t<h3 class=\"elementor-heading-title elementor-size-default\">UNSERE BRANCHENL\u00d6SUNGEN<\/h3>\t\t<\/div>\n\t\t\t\t<\/div>\n\t\t\t\t<div class=\"elementor-element elementor-element-7ut2b0p elementor-widget elementor-widget-spacer\" data-id=\"7ut2b0p\" data-element_type=\"widget\" data-widget_type=\"spacer.default\">\n\t\t\t\t<div class=\"elementor-widget-container\">\n\t\t\t\t\t<div class=\"elementor-spacer\">\n\t\t\t<div class=\"elementor-spacer-inner\"><\/div>\n\t\t<\/div>\n\t\t\t\t<\/div>\n\t\t\t\t<\/div>\n\t\t\t\t<div class=\"elementor-element elementor-element-ayoabro elementor-widget elementor-widget-text-editor\" data-id=\"ayoabro\" data-element_type=\"widget\" data-widget_type=\"text-editor.default\">\n\t\t\t\t<div class=\"elementor-widget-container\">\n\t\t\t\t\t\t\t\t<div class=\"elementor-text-editor elementor-clearfix\">\n\t\t\t\t<p>Unsere Expertise erm\u00f6glicht es uns, f\u00fcr jede Herausforderung die passende Branchenl\u00f6sung zu finden. Egal, ob es sich um die <strong>Reinigung<\/strong> von Kinderg\u00e4rten, Industrieanlagen oder B\u00fcros, <strong>Malerarbeiten, Bau-und Sanierungsarbeiten oder Winterdienst<\/strong> handelt, wir wissen, dass jedes Geb\u00e4ude unterschiedliche Anspr\u00fcche hat. Deshalb entwickeln wir individuell auf Ihre Anforderungen zugeschnittene Konzepte, die eine optimale Dienstleistung gew\u00e4hrleisten.<\/p>\t\t\t\t\t<\/div>\n\t\t\t\t\t\t<\/div>\n\t\t\t\t<\/div>\n\t\t\t\t<div class=\"elementor-element elementor-element-ls3a7ys elementor-widget elementor-widget-spacer\" data-id=\"ls3a7ys\" data-element_type=\"widget\" data-widget_type=\"spacer.default\">\n\t\t\t\t<div class=\"elementor-widget-container\">\n\t\t\t\t\t<div class=\"elementor-spacer\">\n\t\t\t<div class=\"elementor-spacer-inner\"><\/div>\n\t\t<\/div>\n\t\t\t\t<\/div>\n\t\t\t\t<\/div>\n\t\t\t\t<div class=\"elementor-element elementor-element-f9besmn elementor-widget elementor-widget-cherry_services\" data-id=\"f9besmn\" data-element_type=\"widget\" data-widget_type=\"cherry_services.default\">\n\t\t\t\t<div class=\"elementor-widget-container\">\n\t\t\t\t\t<div class=\"elementor-\"><div class=\"services-container\"><div class=\"cherry-services services-wrap template-media-icon-bg\" data-atts='{\"limit\":4,\"orderby\":\"date\",\"order\":\"DESC\",\"category\":\"branchenloesungen\",\"id\":\"\",\"more\":false,\"more_text\":\"mehr\",\"more_url\":\"#\",\"ajax_more\":true,\"show_title\":true,\"show_media\":true,\"show_content\":false,\"show_item_more\":false,\"item_more_text\":\"\",\"show_filters\":false,\"use_space\":true,\"use_rows_space\":true,\"size\":\"johnnygo-thumb-360-270\",\"echo\":false,\"title\":\"\",\"excerpt_length\":\"20\",\"wrap_class\":\"services-wrap\",\"col_xs\":1,\"col_sm\":2,\"col_md\":2,\"col_xl\":2,\"before_title\":\"<h2>\",\"after_title\":\"<\\\/h2>\",\"pager\":false,\"paged\":1,\"template\":\"media-icon-bg.tmpl\",\"item_class\":\" services-item\",\"container\":\"<div class=\\\"services-listing cherry-services-row\\\">%s<\\\/div>\"}'  data-pages=\"1\" data-page=\"1\" data-cat=\"branchenloesungen\"><div class=\"services-listing cherry-services-row\"><div id=\"services-4568\" class=\" services-item item-1 clearfix odd col-xs-12 col-sm-6 col-md-6 col-xl-6\"><div class=\"services-item-inner\">\n\t<div class=\"image_wrap\"><div class=\"services-macros\"><a href=\"https:\/\/femec.de\/com\/cherry-services\/gemeinden-kommunen\/\"><img width=\"360\" height=\"270\" src=\"https:\/\/femec.de\/com\/wp-content\/uploads\/2021\/06\/nguyen-khanh-ly-liiusuaISP0-unsplash-e1687420451706-360x270.jpg\" class=\"avatar wp-post-image\" alt=\"Kommunen &#038; Gemeinden\" decoding=\"async\" srcset=\"https:\/\/femec.de\/com\/wp-content\/uploads\/2021\/06\/nguyen-khanh-ly-liiusuaISP0-unsplash-e1687420451706-360x270.jpg 360w, https:\/\/femec.de\/com\/wp-content\/uploads\/2021\/06\/nguyen-khanh-ly-liiusuaISP0-unsplash-e1687420451706-260x195.jpg 260w, https:\/\/femec.de\/com\/wp-content\/uploads\/2021\/06\/nguyen-khanh-ly-liiusuaISP0-unsplash-e1687420451706-480x360.jpg 480w, https:\/\/femec.de\/com\/wp-content\/uploads\/2021\/06\/nguyen-khanh-ly-liiusuaISP0-unsplash-e1687420451706-660x495.jpg 660w\" sizes=\"(max-width: 360px) 100vw, 360px\" \/><\/a><\/div><\/div>\n\n\t<div class=\"services-item-overflow\">\n\t\t<div class=\"icon_wrap\"><div class=\"services-macros\"><div class=\"service-icon\"><i class=\"nc-icon-outline travel_temple-02\"><\/i><\/div><\/div><\/div>\n\t\t<div class=\"title_wrap\"><h6 class=\"services-macros\"><a href=\"https:\/\/femec.de\/com\/cherry-services\/gemeinden-kommunen\/\">Kommunen &#038; Gemeinden<\/a><\/h6><\/div>\n\t\t\n\t\t\n\t<\/div>\n<\/div>\n<\/div><!--\/.services-item--><div id=\"services-4559\" class=\" services-item item-2 clearfix even col-xs-12 col-sm-6 col-md-6 col-xl-6\"><div class=\"services-item-inner\">\n\t<div class=\"image_wrap\"><div class=\"services-macros\"><a href=\"https:\/\/femec.de\/com\/cherry-services\/unternehmen\/\"><img width=\"360\" height=\"270\" src=\"https:\/\/femec.de\/com\/wp-content\/uploads\/2021\/06\/floriane-vita-FyD3OWBuXnY-unsplash-360x270.jpg\" class=\"avatar wp-post-image\" alt=\"Unternehmen\" decoding=\"async\" srcset=\"https:\/\/femec.de\/com\/wp-content\/uploads\/2021\/06\/floriane-vita-FyD3OWBuXnY-unsplash-360x270.jpg 360w, https:\/\/femec.de\/com\/wp-content\/uploads\/2021\/06\/floriane-vita-FyD3OWBuXnY-unsplash-260x195.jpg 260w, https:\/\/femec.de\/com\/wp-content\/uploads\/2021\/06\/floriane-vita-FyD3OWBuXnY-unsplash-480x360.jpg 480w, https:\/\/femec.de\/com\/wp-content\/uploads\/2021\/06\/floriane-vita-FyD3OWBuXnY-unsplash-660x495.jpg 660w, https:\/\/femec.de\/com\/wp-content\/uploads\/2021\/06\/floriane-vita-FyD3OWBuXnY-unsplash-760x571.jpg 760w\" sizes=\"(max-width: 360px) 100vw, 360px\" \/><\/a><\/div><\/div>\n\n\t<div class=\"services-item-overflow\">\n\t\t<div class=\"icon_wrap\"><div class=\"services-macros\"><div class=\"service-icon\"><i class=\"nc-icon-outline business_building\"><\/i><\/div><\/div><\/div>\n\t\t<div class=\"title_wrap\"><h6 class=\"services-macros\"><a href=\"https:\/\/femec.de\/com\/cherry-services\/unternehmen\/\">Unternehmen<\/a><\/h6><\/div>\n\t\t\n\t\t\n\t<\/div>\n<\/div>\n<\/div><!--\/.services-item--><div id=\"services-1365\" class=\" services-item item-3 clearfix odd col-xs-12 col-sm-6 col-md-6 col-xl-6\"><div class=\"services-item-inner\">\n\t<div class=\"image_wrap\"><div class=\"services-macros\"><a href=\"https:\/\/femec.de\/com\/cherry-services\/industrie\/\"><img width=\"360\" height=\"270\" src=\"https:\/\/femec.de\/com\/wp-content\/uploads\/2017\/04\/crystal-kwok-mhUsz2ezlXQ-unsplash-360x270.jpg\" class=\"avatar wp-post-image\" alt=\"Industrie\" decoding=\"async\" srcset=\"https:\/\/femec.de\/com\/wp-content\/uploads\/2017\/04\/crystal-kwok-mhUsz2ezlXQ-unsplash-360x270.jpg 360w, https:\/\/femec.de\/com\/wp-content\/uploads\/2017\/04\/crystal-kwok-mhUsz2ezlXQ-unsplash-260x195.jpg 260w, https:\/\/femec.de\/com\/wp-content\/uploads\/2017\/04\/crystal-kwok-mhUsz2ezlXQ-unsplash-480x360.jpg 480w, https:\/\/femec.de\/com\/wp-content\/uploads\/2017\/04\/crystal-kwok-mhUsz2ezlXQ-unsplash-660x495.jpg 660w, https:\/\/femec.de\/com\/wp-content\/uploads\/2017\/04\/crystal-kwok-mhUsz2ezlXQ-unsplash-760x571.jpg 760w\" sizes=\"(max-width: 360px) 100vw, 360px\" \/><\/a><\/div><\/div>\n\n\t<div class=\"services-item-overflow\">\n\t\t<div class=\"icon_wrap\"><div class=\"services-macros\"><div class=\"service-icon\"><i class=\"nc-icon-outline business_factory\"><\/i><\/div><\/div><\/div>\n\t\t<div class=\"title_wrap\"><h6 class=\"services-macros\"><a href=\"https:\/\/femec.de\/com\/cherry-services\/industrie\/\">Industrie<\/a><\/h6><\/div>\n\t\t\n\t\t\n\t<\/div>\n<\/div>\n<\/div><!--\/.services-item--><div id=\"services-1364\" class=\" services-item item-4 clearfix even col-xs-12 col-sm-6 col-md-6 col-xl-6\"><div class=\"services-item-inner\">\n\t<div class=\"image_wrap\"><div class=\"services-macros\"><a href=\"https:\/\/femec.de\/com\/cherry-services\/bau\/\"><img width=\"360\" height=\"270\" src=\"https:\/\/femec.de\/com\/wp-content\/uploads\/2017\/04\/ralph-ravi-kayden-VoI2jd75M6Q-unsplash-360x270.jpg\" class=\"avatar wp-post-image\" alt=\"Bau &#038; Sanierung\" decoding=\"async\" srcset=\"https:\/\/femec.de\/com\/wp-content\/uploads\/2017\/04\/ralph-ravi-kayden-VoI2jd75M6Q-unsplash-360x270.jpg 360w, https:\/\/femec.de\/com\/wp-content\/uploads\/2017\/04\/ralph-ravi-kayden-VoI2jd75M6Q-unsplash-260x195.jpg 260w, https:\/\/femec.de\/com\/wp-content\/uploads\/2017\/04\/ralph-ravi-kayden-VoI2jd75M6Q-unsplash-480x360.jpg 480w, https:\/\/femec.de\/com\/wp-content\/uploads\/2017\/04\/ralph-ravi-kayden-VoI2jd75M6Q-unsplash-660x495.jpg 660w, https:\/\/femec.de\/com\/wp-content\/uploads\/2017\/04\/ralph-ravi-kayden-VoI2jd75M6Q-unsplash-760x571.jpg 760w\" sizes=\"(max-width: 360px) 100vw, 360px\" \/><\/a><\/div><\/div>\n\n\t<div class=\"services-item-overflow\">\n\t\t<div class=\"icon_wrap\"><div class=\"services-macros\"><div class=\"service-icon\"><i class=\"nc-icon-outline objects_cone\"><\/i><\/div><\/div><\/div>\n\t\t<div class=\"title_wrap\"><h6 class=\"services-macros\"><a href=\"https:\/\/femec.de\/com\/cherry-services\/bau\/\">Bau &#038; Sanierung<\/a><\/h6><\/div>\n\t\t\n\t\t\n\t<\/div>\n<\/div>\n<\/div><!--\/.services-item--><\/div><\/div><\/div><\/div>\r\n\t\t\t\t<\/div>\n\t\t\t\t<\/div>\n\t\t\t\t<div class=\"elementor-element elementor-element-tjoal3g elementor-widget elementor-widget-spacer\" data-id=\"tjoal3g\" data-element_type=\"widget\" data-widget_type=\"spacer.default\">\n\t\t\t\t<div class=\"elementor-widget-container\">\n\t\t\t\t\t<div class=\"elementor-spacer\">\n\t\t\t<div class=\"elementor-spacer-inner\"><\/div>\n\t\t<\/div>\n\t\t\t\t<\/div>\n\t\t\t\t<\/div>\n\t\t\t\t\t\t<\/div>\n\t\t\t\t\t<\/div>\n\t\t<\/div>\n\t\t\t\t\t\t\t\t<\/div>\n\t\t\t\t\t<\/div>\n\t\t<\/section>\n\t\t\t\t<section class=\"elementor-section elementor-top-section elementor-element elementor-element-1ff6c11f invert elementor-section-boxed elementor-section-height-default elementor-section-height-default\" data-id=\"1ff6c11f\" data-element_type=\"section\" data-settings=\"{&quot;background_background&quot;:&quot;classic&quot;}\">\n\t\t\t\t\t\t<div class=\"elementor-container elementor-column-gap-default\">\n\t\t\t\t\t\t\t<div class=\"elementor-row\">\n\t\t\t\t\t<div class=\"elementor-column elementor-col-25 elementor-top-column elementor-element elementor-element-34448409\" data-id=\"34448409\" data-element_type=\"column\">\n\t\t\t<div class=\"elementor-column-wrap elementor-element-populated\">\n\t\t\t\t\t\t\t<div class=\"elementor-widget-wrap\">\n\t\t\t\t\t\t<div class=\"elementor-element elementor-element-225014c1 elementor-view-framed elementor-position-left elementor-vertical-align-middle elementor-shape-circle elementor-mobile-position-top elementor-widget elementor-widget-icon-box\" data-id=\"225014c1\" data-element_type=\"widget\" data-widget_type=\"icon-box.default\">\n\t\t\t\t<div class=\"elementor-widget-container\">\n\t\t\t\t\t<div class=\"elementor-icon-box-wrapper\">\n\t\t\t\t\t\t<div class=\"elementor-icon-box-icon\">\n\t\t\t\t<span class=\"elementor-icon elementor-animation-\" >\n\t\t\t\t<i aria-hidden=\"true\" class=\"fas fa-phone-alt\"><\/i>\t\t\t\t<\/span>\n\t\t\t<\/div>\n\t\t\t\t\t\t<div class=\"elementor-icon-box-content\">\n\t\t\t\t<h6 class=\"elementor-icon-box-title\">\n\t\t\t\t\t<span  >\n\t\t\t\t\t\tKunden-Service:\t\t\t\t\t<\/span>\n\t\t\t\t<\/h6>\n\t\t\t\t\t\t\t\t\t<p class=\"elementor-icon-box-description\">\n\t\t\t\t\t\t+49(0)8134 - 556 12 38<\/br>Mo-Fr von 8-13 Uhr\t\t\t\t\t<\/p>\n\t\t\t\t\t\t\t<\/div>\n\t\t<\/div>\n\t\t\t\t<\/div>\n\t\t\t\t<\/div>\n\t\t\t\t<div class=\"elementor-element elementor-element-2ba09d59 elementor-widget elementor-widget-spacer\" data-id=\"2ba09d59\" data-element_type=\"widget\" data-widget_type=\"spacer.default\">\n\t\t\t\t<div class=\"elementor-widget-container\">\n\t\t\t\t\t<div class=\"elementor-spacer\">\n\t\t\t<div class=\"elementor-spacer-inner\"><\/div>\n\t\t<\/div>\n\t\t\t\t<\/div>\n\t\t\t\t<\/div>\n\t\t\t\t\t\t<\/div>\n\t\t\t\t\t<\/div>\n\t\t<\/div>\n\t\t\t\t<div class=\"elementor-column elementor-col-25 elementor-top-column elementor-element elementor-element-6b4b78d8\" data-id=\"6b4b78d8\" data-element_type=\"column\">\n\t\t\t<div class=\"elementor-column-wrap elementor-element-populated\">\n\t\t\t\t\t\t\t<div class=\"elementor-widget-wrap\">\n\t\t\t\t\t\t<div class=\"elementor-element elementor-element-1f5f2b81 elementor-view-framed elementor-position-left elementor-vertical-align-middle elementor-shape-circle elementor-mobile-position-top elementor-widget elementor-widget-icon-box\" data-id=\"1f5f2b81\" data-element_type=\"widget\" data-widget_type=\"icon-box.default\">\n\t\t\t\t<div class=\"elementor-widget-container\">\n\t\t\t\t\t<div class=\"elementor-icon-box-wrapper\">\n\t\t\t\t\t\t<div class=\"elementor-icon-box-icon\">\n\t\t\t\t<span class=\"elementor-icon elementor-animation-\" >\n\t\t\t\t<i aria-hidden=\"true\" class=\"fas fa-map-marked-alt\"><\/i>\t\t\t\t<\/span>\n\t\t\t<\/div>\n\t\t\t\t\t\t<div class=\"elementor-icon-box-content\">\n\t\t\t\t<h6 class=\"elementor-icon-box-title\">\n\t\t\t\t\t<span  >\n\t\t\t\t\t\tAdresse:\t\t\t\t\t<\/span>\n\t\t\t\t<\/h6>\n\t\t\t\t\t\t\t\t\t<p class=\"elementor-icon-box-description\">\n\t\t\t\t\t\tSchlo\u00dfstra\u00dfe 18<\/br>85235 Odelzhausen\t\t\t\t\t<\/p>\n\t\t\t\t\t\t\t<\/div>\n\t\t<\/div>\n\t\t\t\t<\/div>\n\t\t\t\t<\/div>\n\t\t\t\t<div class=\"elementor-element elementor-element-123ff476 elementor-widget elementor-widget-spacer\" data-id=\"123ff476\" data-element_type=\"widget\" data-widget_type=\"spacer.default\">\n\t\t\t\t<div class=\"elementor-widget-container\">\n\t\t\t\t\t<div class=\"elementor-spacer\">\n\t\t\t<div class=\"elementor-spacer-inner\"><\/div>\n\t\t<\/div>\n\t\t\t\t<\/div>\n\t\t\t\t<\/div>\n\t\t\t\t\t\t<\/div>\n\t\t\t\t\t<\/div>\n\t\t<\/div>\n\t\t\t\t<div class=\"elementor-column elementor-col-25 elementor-top-column elementor-element elementor-element-62eed969\" data-id=\"62eed969\" data-element_type=\"column\">\n\t\t\t<div class=\"elementor-column-wrap elementor-element-populated\">\n\t\t\t\t\t\t\t<div class=\"elementor-widget-wrap\">\n\t\t\t\t\t\t<div class=\"elementor-element elementor-element-6166f1de elementor-view-framed elementor-position-left elementor-vertical-align-middle elementor-shape-circle elementor-mobile-position-top elementor-widget elementor-widget-icon-box\" data-id=\"6166f1de\" data-element_type=\"widget\" data-widget_type=\"icon-box.default\">\n\t\t\t\t<div class=\"elementor-widget-container\">\n\t\t\t\t\t<div class=\"elementor-icon-box-wrapper\">\n\t\t\t\t\t\t<div class=\"elementor-icon-box-icon\">\n\t\t\t\t<span class=\"elementor-icon elementor-animation-\" >\n\t\t\t\t<i aria-hidden=\"true\" class=\"far fa-envelope\"><\/i>\t\t\t\t<\/span>\n\t\t\t<\/div>\n\t\t\t\t\t\t<div class=\"elementor-icon-box-content\">\n\t\t\t\t<h6 class=\"elementor-icon-box-title\">\n\t\t\t\t\t<span  >\n\t\t\t\t\t\tEmail:\t\t\t\t\t<\/span>\n\t\t\t\t<\/h6>\n\t\t\t\t\t\t\t\t\t<p class=\"elementor-icon-box-description\">\n\t\t\t\t\t\t<a href=\"mailto:info@femec.de\">info@femec.de<\/a>\t\t\t\t\t<\/p>\n\t\t\t\t\t\t\t<\/div>\n\t\t<\/div>\n\t\t\t\t<\/div>\n\t\t\t\t<\/div>\n\t\t\t\t\t\t<\/div>\n\t\t\t\t\t<\/div>\n\t\t<\/div>\n\t\t\t\t<div class=\"elementor-column elementor-col-25 elementor-top-column elementor-element elementor-element-52dc1ac6\" data-id=\"52dc1ac6\" data-element_type=\"column\">\n\t\t\t<div class=\"elementor-column-wrap elementor-element-populated\">\n\t\t\t\t\t\t\t<div class=\"elementor-widget-wrap\">\n\t\t\t\t\t\t<div class=\"elementor-element elementor-element-1b44e0ea elementor-view-framed elementor-position-left elementor-vertical-align-middle elementor-shape-circle elementor-mobile-position-top elementor-widget elementor-widget-icon-box\" data-id=\"1b44e0ea\" data-element_type=\"widget\" data-widget_type=\"icon-box.default\">\n\t\t\t\t<div class=\"elementor-widget-container\">\n\t\t\t\t\t<div class=\"elementor-icon-box-wrapper\">\n\t\t\t\t\t\t<div class=\"elementor-icon-box-icon\">\n\t\t\t\t<span class=\"elementor-icon elementor-animation-\" >\n\t\t\t\t<i aria-hidden=\"true\" class=\"fas fa-bookmark\"><\/i>\t\t\t\t<\/span>\n\t\t\t<\/div>\n\t\t\t\t\t\t<div class=\"elementor-icon-box-content\">\n\t\t\t\t<h6 class=\"elementor-icon-box-title\">\n\t\t\t\t\t<span  >\n\t\t\t\t\t\tRechtliches:\t\t\t\t\t<\/span>\n\t\t\t\t<\/h6>\n\t\t\t\t\t\t\t\t\t<p class=\"elementor-icon-box-description\">\n\t\t\t\t\t\t<\/strong><a href=\"https:\/\/femec.de\/com\/agb\/\">AGB <\/a><br \/>\n<a title=\"Datenschutz\" href=\"https:\/\/femec.de\/com\/datenschutzerklaerung\/\">Datenschutz<\/a><br \/>\n<a title=\"Impressum\" href=\"https:\/\/femec.de\/com\/impressum\/\">Impressum<\/a><\/p>\t\t\t\t\t<\/p>\n\t\t\t\t\t\t\t<\/div>\n\t\t<\/div>\n\t\t\t\t<\/div>\n\t\t\t\t<\/div>\n\t\t\t\t\t\t<\/div>\n\t\t\t\t\t<\/div>\n\t\t<\/div>\n\t\t\t\t\t\t\t\t<\/div>\n\t\t\t\t\t<\/div>\n\t\t<\/section>\n\t\t\t\t\t\t\t\t\t<\/div>\n\t\t\t<\/div>\n\t\t\t\t\t<\/div>\n\t\t","protected":false},"excerpt":{"rendered":"<p>UNSERE BRANCHENL\u00d6SUNGEN Unsere Expertise erm\u00f6glicht es uns, f\u00fcr jede Herausforderung die passende Branchenl\u00f6sung zu finden. Egal, ob es sich um die Reinigung von Kinderg\u00e4rten, Industrieanlagen oder B\u00fcros, Malerarbeiten, Bau-und Sanierungsarbeiten oder Winterdienst handelt, wir wissen, dass jedes Geb\u00e4ude unterschiedliche Anspr\u00fcche hat. Deshalb entwickeln wir individuell auf Ihre Anforderungen zugeschnittene Konzepte, die eine optimale Dienstleistung gew\u00e4hrleisten. &hellip;<\/p>\n","protected":false},"author":3,"featured_media":0,"parent":0,"menu_order":0,"comment_status":"closed","ping_status":"closed","template":"","meta":{"footnotes":""},"aioseo_notices":[],"_links":{"self":[{"href":"https:\/\/femec.de\/com\/wp-json\/wp\/v2\/pages\/906"}],"collection":[{"href":"https:\/\/femec.de\/com\/wp-json\/wp\/v2\/pages"}],"about":[{"href":"https:\/\/femec.de\/com\/wp-json\/wp\/v2\/types\/page"}],"author":[{"embeddable":true,"href":"https:\/\/femec.de\/com\/wp-json\/wp\/v2\/users\/3"}],"replies":[{"embeddable":true,"href":"https:\/\/femec.de\/com\/wp-json\/wp\/v2\/comments?post=906"}],"version-history":[{"count":51,"href":"https:\/\/femec.de\/com\/wp-json\/wp\/v2\/pages\/906\/revisions"}],"predecessor-version":[{"id":5842,"href":"https:\/\/femec.de\/com\/wp-json\/wp\/v2\/pages\/906\/revisions\/5842"}],"wp:attachment":[{"href":"https:\/\/femec.de\/com\/wp-json\/wp\/v2\/media?parent=906"}],"curies":[{"name":"wp","href":"https:\/\/api.w.org\/{rel}","templated":true}]}}